{"id":320,"date":"2021-10-06T23:43:35","date_gmt":"2021-10-06T23:43:35","guid":{"rendered":"https:\/\/puceapex.puce.edu.ec\/web\/violencia-noviazgo\/?page_id=320"},"modified":"2021-12-14T20:44:45","modified_gmt":"2021-12-14T20:44:45","slug":"evaluanos","status":"publish","type":"page","link":"https:\/\/puceapex.puce.edu.ec\/web\/violencia-noviazgo\/evaluanos\/","title":{"rendered":"Eval\u00faanos"},"content":{"rendered":"<p>[et_pb_section fb_built=\u00bb1&#8243; custom_padding_last_edited=\u00bbon|tablet\u00bb admin_label=\u00bbHero\u00bb _builder_version=\u00bb4.9.3&#8243; use_background_color_gradient=\u00bbon\u00bb background_color_gradient_start=\u00bb#00bfd8&#8243; background_color_gradient_end=\u00bbrgba(0,191,216,0.2)\u00bb background_color_gradient_type=\u00bbradial\u00bb background_color_gradient_direction_radial=\u00bbtop left\u00bb background_color_gradient_start_position=\u00bb50%\u00bb background_color_gradient_overlays_image=\u00bbon\u00bb background_image=\u00bbhttps:\/\/puceapex.puce.edu.ec\/web\/violencia-noviazgo\/wp-content\/uploads\/sites\/20\/2021\/04\/therapist-12-1.png\u00bb parallax=\u00bbon\u00bb custom_margin=\u00bb||||false\u00bb custom_padding=\u00bb4vw||4vw||false|false\u00bb custom_padding_tablet=\u00bb||50px|\u00bb custom_padding_phone=\u00bb\u00bb bottom_divider_style=\u00bbcurve\u00bb bottom_divider_color=\u00bb#ffffff\u00bb bottom_divider_height=\u00bb2.5vw\u00bb da_disable_devices=\u00bboff|off|off\u00bb da_is_popup=\u00bboff\u00bb da_exit_intent=\u00bboff\u00bb da_has_close=\u00bbon\u00bb da_alt_close=\u00bboff\u00bb da_dark_close=\u00bboff\u00bb da_not_modal=\u00bbon\u00bb da_is_singular=\u00bboff\u00bb da_with_loader=\u00bboff\u00bb da_has_shadow=\u00bbon\u00bb][et_pb_row _builder_version=\u00bb4.9.4&#8243; animation_style=\u00bbfade\u00bb animation_duration=\u00bb300ms\u00bb][et_pb_column type=\u00bb4_4&#8243; _builder_version=\u00bb3.25&#8243; custom_padding=\u00bb|||\u00bb custom_padding__hover=\u00bb|||\u00bb][et_pb_text _builder_version=\u00bb4.9.10&#8243; text_font=\u00bb||||||||\u00bb text_font_size=\u00bb18px\u00bb text_line_height=\u00bb2em\u00bb header_font=\u00bbMontserrat|500|||||||\u00bb header_text_color=\u00bb#04488c\u00bb header_font_size=\u00bb50px\u00bb header_line_height=\u00bb1.4em\u00bb text_orientation=\u00bbcenter\u00bb background_layout=\u00bbdark\u00bb max_width=\u00bb700px\u00bb module_alignment=\u00bbcenter\u00bb header_font_size_tablet=\u00bb40px\u00bb header_font_size_phone=\u00bb32px\u00bb header_font_size_last_edited=\u00bbon|desktop\u00bb]<\/p>\n<h1>Eval\u00faanos<\/h1>\n<p>[\/et_pb_text][\/et_pb_column][\/et_pb_row][\/et_pb_section][et_pb_section fb_built=\u00bb1&#8243; disabled_on=\u00bboff|off|off\u00bb admin_label=\u00bbencuesta evaluacion\u00bb _builder_version=\u00bb4.9.10&#8243; background_enable_color=\u00bboff\u00bb custom_padding=\u00bb54px|0px|54px|0px|false|false\u00bb da_disable_devices=\u00bboff|off|off\u00bb da_is_popup=\u00bboff\u00bb da_exit_intent=\u00bboff\u00bb da_has_close=\u00bbon\u00bb da_alt_close=\u00bboff\u00bb da_dark_close=\u00bboff\u00bb da_not_modal=\u00bbon\u00bb da_is_singular=\u00bboff\u00bb da_with_loader=\u00bboff\u00bb da_has_shadow=\u00bbon\u00bb][et_pb_row use_custom_gutter=\u00bbon\u00bb _builder_version=\u00bb3.25&#8243;][et_pb_column type=\u00bb4_4&#8243; _builder_version=\u00bb3.25&#8243; custom_padding=\u00bb|||\u00bb custom_padding__hover=\u00bb|||\u00bb][et_pb_text _builder_version=\u00bb4.9.10&#8243; text_font=\u00bb||||||||\u00bb text_font_size=\u00bb16px\u00bb text_line_height=\u00bb2em\u00bb header_font=\u00bb||||||||\u00bb header_2_font=\u00bbMontserrat|300|||||||\u00bb header_2_font_size=\u00bb40px\u00bb header_2_line_height=\u00bb1.4em\u00bb header_5_font=\u00bb||||||||\u00bb header_5_text_color=\u00bb#7f8dff\u00bb header_5_line_height=\u00bb2em\u00bb text_orientation=\u00bbcenter\u00bb max_width=\u00bb700px\u00bb module_alignment=\u00bbcenter\u00bb header_2_font_size_tablet=\u00bb\u00bb header_2_font_size_phone=\u00bb30px\u00bb header_2_font_size_last_edited=\u00bbon|phone\u00bb locked=\u00bboff\u00bb]<\/p>\n<h2>Ay\u00fadanos a servirte mejor<\/h2>\n<p>[\/et_pb_text][et_pb_code admin_label=\u00bbcodigo encuesta evaluacion\u00bb _builder_version=\u00bb4.9.10&#8243; _module_preset=\u00bbdefault\u00bb]<\/p>\n<div class=\"cognito\"><!-- [et_pb_line_break_holder] --><script src=\"https:\/\/www.cognitoforms.com\/s\/ORV8hwL0ek-uWVokH_QmNA\"><\/script><!-- [et_pb_line_break_holder] --><script>Cognito.load(\"forms\", { id: \"91\" });<\/script><!-- [et_pb_line_break_holder] --><\/div>\n<p>[\/et_pb_code][\/et_pb_column][\/et_pb_row][et_pb_row _builder_version=\u00bb3.25&#8243; custom_padding=\u00bb27px|0px|27px|0px|false|false\u00bb][et_pb_column type=\u00bb4_4&#8243; _builder_version=\u00bb3.25&#8243; custom_padding=\u00bb|||\u00bb custom_padding__hover=\u00bb|||\u00bb][\/et_pb_column][\/et_pb_row][\/et_pb_section][et_pb_section fb_built=\u00bb1&#8243; admin_label=\u00bbmapa + faq\u00bb module_id=\u00bbrelaciones\u00bb _builder_version=\u00bb4.9.10&#8243; background_color=\u00bb#d9d9db\u00bb custom_padding=\u00bb54px|0px|54px|0px|false|false\u00bb bottom_divider_color=\u00bb#00bfd8&#8243; bottom_divider_height=\u00bb132px\u00bb da_popup_slug=\u00bbrelaciones\u00bb da_disable_devices=\u00bboff|off|off\u00bb collapsed=\u00bbon\u00bb da_is_popup=\u00bboff\u00bb da_exit_intent=\u00bboff\u00bb da_has_close=\u00bbon\u00bb da_alt_close=\u00bboff\u00bb da_dark_close=\u00bboff\u00bb da_not_modal=\u00bbon\u00bb da_is_singular=\u00bboff\u00bb da_with_loader=\u00bboff\u00bb da_has_shadow=\u00bbon\u00bb][et_pb_row use_custom_gutter=\u00bbon\u00bb _builder_version=\u00bb3.25&#8243;][et_pb_column type=\u00bb4_4&#8243; _builder_version=\u00bb3.25&#8243; custom_padding=\u00bb|||\u00bb custom_padding__hover=\u00bb|||\u00bb][et_pb_text _builder_version=\u00bb4.9.10&#8243; text_font=\u00bb||||||||\u00bb text_font_size=\u00bb16px\u00bb text_line_height=\u00bb2em\u00bb header_font=\u00bb||||||||\u00bb header_2_font=\u00bbMontserrat|300|||||||\u00bb header_2_font_size=\u00bb40px\u00bb header_2_line_height=\u00bb1.4em\u00bb header_5_font=\u00bb||||||||\u00bb header_5_text_color=\u00bb#7f8dff\u00bb header_5_line_height=\u00bb2em\u00bb text_orientation=\u00bbcenter\u00bb max_width=\u00bb700px\u00bb module_alignment=\u00bbcenter\u00bb header_2_font_size_tablet=\u00bb\u00bb header_2_font_size_phone=\u00bb30px\u00bb header_2_font_size_last_edited=\u00bbon|phone\u00bb locked=\u00bboff\u00bb]<\/p>\n<h2>Mapa de visitas<\/h2>\n<p>[\/et_pb_text][et_pb_code admin_label=\u00bbcodigo mapa\u00bb _builder_version=\u00bb4.9.10&#8243; _module_preset=\u00bbdefault\u00bb]<script type=\"text\/javascript\" src=\"\/\/rf.revolvermaps.com\/0\/0\/7.js?i=5i78psd90qc&#038;m=0&#038;c=007eff&#038;cr1=00fff6&#038;br=10&#038;sx=0\" async=\"async\"><\/script>[\/et_pb_code][\/et_pb_column][\/et_pb_row][et_pb_row column_structure=\u00bb1_2,1_2&#8243; use_custom_gutter=\u00bbon\u00bb disabled_on=\u00bbon|on|on\u00bb _builder_version=\u00bb3.25&#8243; disabled=\u00bbon\u00bb][et_pb_column type=\u00bb1_2&#8243; _builder_version=\u00bb3.25&#8243; custom_padding=\u00bb|||\u00bb custom_padding__hover=\u00bb|||\u00bb][et_pb_code admin_label=\u00bbcodigo mapa\u00bb _builder_version=\u00bb4.9.10&#8243; _module_preset=\u00bbdefault\u00bb]<script type=\"text\/javascript\" src=\"\/\/rf.revolvermaps.com\/0\/0\/7.js?i=5i78psd90qc&#038;m=0&#038;c=007eff&#038;cr1=00fff6&#038;br=10&#038;sx=0\" async=\"async\"><\/script>[\/et_pb_code][\/et_pb_column][et_pb_column type=\u00bb1_2&#8243; _builder_version=\u00bb3.25&#8243; custom_padding=\u00bb|||\u00bb custom_padding__hover=\u00bb|||\u00bb][et_pb_text module_id=\u00bbpreguntas\u00bb _builder_version=\u00bb4.9.10&#8243; text_font=\u00bb||||||||\u00bb text_font_size=\u00bb16px\u00bb text_line_height=\u00bb2em\u00bb header_font=\u00bb||||||||\u00bb header_2_font=\u00bbMontserrat|300|||||||\u00bb header_2_font_size=\u00bb40px\u00bb header_2_line_height=\u00bb1.4em\u00bb header_5_font=\u00bb||||||||\u00bb header_5_text_color=\u00bb#7f8dff\u00bb header_5_line_height=\u00bb2em\u00bb text_orientation=\u00bbcenter\u00bb max_width=\u00bb700px\u00bb module_alignment=\u00bbcenter\u00bb header_2_font_size_tablet=\u00bb\u00bb header_2_font_size_phone=\u00bb30px\u00bb header_2_font_size_last_edited=\u00bbon|phone\u00bb locked=\u00bboff\u00bb]<\/p>\n<h2>Preguntas frecuentes<\/h2>\n<p>[\/et_pb_text][et_pb_toggle title=\u00bb\u00bfPara qu\u00e9 sirve esta p\u00e1gina web? \u00bb open_toggle_text_color=\u00bb#000000&#8243; open_toggle_background_color=\u00bb#ffffff\u00bb closed_toggle_text_color=\u00bb#000000&#8243; closed_toggle_background_color=\u00bb#ffffff\u00bb _builder_version=\u00bb4.9.10&#8243; title_level=\u00bbh4&#8243; title_font=\u00bbMontserrat|500|||||||\u00bb title_line_height=\u00bb1.4em\u00bb body_font_size=\u00bb16px\u00bb body_line_height=\u00bb2em\u00bb custom_padding=\u00bb30px|40px|30px|40px|true|true\u00bb animation_style=\u00bbfade\u00bb border_radii=\u00bbon|10px|10px|10px|10px\u00bb border_width_all=\u00bb0px\u00bb box_shadow_style=\u00bbpreset1&#8243; box_shadow_blur=\u00bb30px\u00bb box_shadow_color=\u00bbrgba(0,0,0,0.06)\u00bb]Sitio informativo dise\u00f1ado para prevenir la violencia en el noviazgo, esta web proporciona una visi\u00f3n que permite diferenciar las relaciones saludables de las t\u00f3xicas en una relaci\u00f3n de noviazgo, tambi\u00e9n orienta en los procesos de busca ayuda al encontrarse en una situaci\u00f3n de riesgo leve, moderado o grave de sufrir violencia.[\/et_pb_toggle][et_pb_toggle title=\u00bb\u00bfC\u00f3mo usar esta web? \u00bb open_toggle_text_color=\u00bb#000000&#8243; open_toggle_background_color=\u00bb#ffffff\u00bb closed_toggle_text_color=\u00bb#000000&#8243; closed_toggle_background_color=\u00bb#ffffff\u00bb _builder_version=\u00bb4.9.10&#8243; title_level=\u00bbh4&#8243; title_font=\u00bbMontserrat|500|||||||\u00bb title_line_height=\u00bb1.4em\u00bb body_font_size=\u00bb16px\u00bb body_line_height=\u00bb2em\u00bb custom_padding=\u00bb30px|40px|30px|40px|true|true\u00bb animation_style=\u00bbfade\u00bb border_radii=\u00bbon|10px|10px|10px|10px\u00bb border_width_all=\u00bb0px\u00bb box_shadow_style=\u00bbpreset1&#8243; box_shadow_blur=\u00bb30px\u00bb box_shadow_color=\u00bbrgba(0,0,0,0.06)\u00bb]Recomendamos empezar por la secci\u00f3n con\u00f3cete que mediante 4 tests que te permiten identificar si agredes, recibes violencia, posees rasgos de dependencia emocional o c\u00f3mo est\u00e1n tus mitos sobre el amor. El resultado de cada test va acompa\u00f1ado de recomendaciones puntuales sobre tu situaci\u00f3n. Luego continuar con la secci\u00f3n educativa-interactiva donde encontraras 4 temas educativos con: Video, material de lectura y un peque\u00f1o test ilustrado para probar tu conocimiento. Sugerimos completar cada tema antes de pasar al siguiente.  [\/et_pb_toggle][et_pb_toggle title=\u00bb\u00bfQu\u00e9 significa la secci\u00f3n busca ayuda?\u00bb open_toggle_text_color=\u00bb#000000&#8243; open_toggle_background_color=\u00bb#ffffff\u00bb closed_toggle_text_color=\u00bb#000000&#8243; closed_toggle_background_color=\u00bb#ffffff\u00bb _builder_version=\u00bb4.9.10&#8243; title_level=\u00bbh4&#8243; title_font=\u00bbMontserrat|500|||||||\u00bb title_line_height=\u00bb1.4em\u00bb body_font_size=\u00bb16px\u00bb body_line_height=\u00bb2em\u00bb custom_padding=\u00bb30px|40px|30px|40px|true|true\u00bb animation_style=\u00bbfade\u00bb border_radii=\u00bbon|10px|10px|10px|10px\u00bb border_width_all=\u00bb0px\u00bb box_shadow_style=\u00bbpreset1&#8243; box_shadow_blur=\u00bb30px\u00bb box_shadow_color=\u00bbrgba(0,0,0,0.06)\u00bb]La tercera secci\u00f3n de la web facilita informaciones para la b\u00fasqueda de ayuda o apoyo en caso de requerir servicios sociales o de protecci\u00f3n en personas expuestas a la violencia en el noviazgo. [\/et_pb_toggle][et_pb_toggle title=\u00bb\u00bfQu\u00e9 es la secci\u00f3n eval\u00faanos? \u00bb open_toggle_text_color=\u00bb#000000&#8243; open_toggle_background_color=\u00bb#ffffff\u00bb closed_toggle_text_color=\u00bb#000000&#8243; closed_toggle_background_color=\u00bb#ffffff\u00bb _builder_version=\u00bb4.9.10&#8243; title_level=\u00bbh4&#8243; title_font=\u00bbMontserrat|500|||||||\u00bb title_line_height=\u00bb1.4em\u00bb body_font_size=\u00bb16px\u00bb body_line_height=\u00bb2em\u00bb custom_padding=\u00bb30px|40px|30px|40px|true|true\u00bb animation_style=\u00bbfade\u00bb border_radii=\u00bbon|10px|10px|10px|10px\u00bb border_width_all=\u00bb0px\u00bb box_shadow_style=\u00bbpreset1&#8243; box_shadow_blur=\u00bb30px\u00bb box_shadow_color=\u00bbrgba(0,0,0,0.06)\u00bb]Esta secci\u00f3n ha sido dise\u00f1ada para conocer la opini\u00f3n de los usuarios sobre esta iniciativa y explorar las opciones que nos permitan mejorar. [\/et_pb_toggle][et_pb_toggle title=\u00bb\u00bfQu\u00e9 objetivo tiene la secci\u00f3n con\u00f3cete?\u00bb open_toggle_text_color=\u00bb#000000&#8243; open_toggle_background_color=\u00bb#ffffff\u00bb closed_toggle_text_color=\u00bb#000000&#8243; closed_toggle_background_color=\u00bb#ffffff\u00bb _builder_version=\u00bb4.9.10&#8243; title_level=\u00bbh4&#8243; title_font=\u00bbMontserrat|500|||||||\u00bb title_line_height=\u00bb1.4em\u00bb body_font_size=\u00bb16px\u00bb body_line_height=\u00bb2em\u00bb custom_padding=\u00bb30px|40px|30px|40px|true|true\u00bb animation_style=\u00bbfade\u00bb border_radii=\u00bbon|10px|10px|10px|10px\u00bb border_width_all=\u00bb0px\u00bb box_shadow_style=\u00bbpreset1&#8243; box_shadow_blur=\u00bb30px\u00bb box_shadow_color=\u00bbrgba(0,0,0,0.06)\u00bb]Sabemos que la mejor forma de evitar consecuencias graves producto de la violencia es identificando si estamos expuestos a ella, las personas expuestas a la violencia son las primeras llamadas a movilizarse para cambiar esta situaci\u00f3n. Si est\u00e1s expuesta\/o a comportamientos violentos ya sea victimizaci\u00f3n o abuso, el test te dirige inmediatamente a la secci\u00f3n busca ayuda. A veces que las\/os involucrados normalizan las situaciones violentas y no pueden identificar que est\u00e1n en peligro. Este sitio te apoya en la identificaci\u00f3n de esas se\u00f1ales y te orienta para buscar el apoyo dando prioridad al autocuidado. [\/et_pb_toggle][et_pb_toggle title=\u00bb\u00bfQu\u00e9 se pretende transmitir con los temas de la secci\u00f3n formaci\u00f3n interactiva?\u00bb open_toggle_text_color=\u00bb#000000&#8243; open_toggle_background_color=\u00bb#ffffff\u00bb closed_toggle_text_color=\u00bb#000000&#8243; closed_toggle_background_color=\u00bb#ffffff\u00bb _builder_version=\u00bb4.9.10&#8243; title_level=\u00bbh4&#8243; title_font=\u00bbMontserrat|500|||||||\u00bb title_line_height=\u00bb1.4em\u00bb body_font_size=\u00bb16px\u00bb body_line_height=\u00bb2em\u00bb custom_padding=\u00bb30px|40px|30px|40px|true|true\u00bb animation_style=\u00bbfade\u00bb border_radii=\u00bbon|10px|10px|10px|10px\u00bb border_width_all=\u00bb0px\u00bb box_shadow_style=\u00bbpreset1&#8243; box_shadow_blur=\u00bb30px\u00bb box_shadow_color=\u00bbrgba(0,0,0,0.06)\u00bb]La secci\u00f3n formaci\u00f3n interactiva est\u00e1 organizada con dos temas que proporcionan la visi\u00f3n positiva del noviazgo y dos temas que ayudan a identificar cuando la persona est\u00e1 involucrada en una relaci\u00f3n nociva que puede afectar el bienestar f\u00edsico y mental.[\/et_pb_toggle][\/et_pb_column][\/et_pb_row][\/et_pb_section][et_pb_section fb_built=\u00bb1&#8243; disabled_on=\u00bboff|off|off\u00bb admin_label=\u00bbencuesta evaluacion\u00bb _builder_version=\u00bb4.9.10&#8243; background_enable_color=\u00bboff\u00bb custom_padding=\u00bb54px|0px|54px|0px|false|false\u00bb top_divider_height=\u00bb0px\u00bb bottom_divider_style=\u00bbwave2&#8243; bottom_divider_color=\u00bb#00bfd8&#8243; da_disable_devices=\u00bboff|off|off\u00bb collapsed=\u00bbon\u00bb da_is_popup=\u00bboff\u00bb da_exit_intent=\u00bboff\u00bb da_has_close=\u00bbon\u00bb da_alt_close=\u00bboff\u00bb da_dark_close=\u00bboff\u00bb da_not_modal=\u00bbon\u00bb da_is_singular=\u00bboff\u00bb da_with_loader=\u00bboff\u00bb da_has_shadow=\u00bbon\u00bb][et_pb_row use_custom_gutter=\u00bbon\u00bb _builder_version=\u00bb3.25&#8243;][et_pb_column type=\u00bb4_4&#8243; _builder_version=\u00bb3.25&#8243; custom_padding=\u00bb|||\u00bb custom_padding__hover=\u00bb|||\u00bb][et_pb_text _builder_version=\u00bb4.9.10&#8243; text_font=\u00bb||||||||\u00bb text_font_size=\u00bb16px\u00bb text_line_height=\u00bb2em\u00bb header_font=\u00bb||||||||\u00bb header_2_font=\u00bbMontserrat|300|||||||\u00bb header_2_font_size=\u00bb40px\u00bb header_2_line_height=\u00bb1.4em\u00bb header_5_font=\u00bb||||||||\u00bb header_5_text_color=\u00bb#7f8dff\u00bb header_5_line_height=\u00bb2em\u00bb text_orientation=\u00bbcenter\u00bb max_width=\u00bb700px\u00bb module_alignment=\u00bbcenter\u00bb header_2_font_size_tablet=\u00bb\u00bb header_2_font_size_phone=\u00bb30px\u00bb header_2_font_size_last_edited=\u00bbon|phone\u00bb locked=\u00bboff\u00bb]<\/p>\n<h2>Preguntas frecuentes<\/h2>\n<p>[\/et_pb_text][et_pb_code admin_label=\u00bbcodigo encuesta evaluacion\u00bb _builder_version=\u00bb4.9.10&#8243; _module_preset=\u00bbdefault\u00bb]<\/p>\n<div class=\"cognito\"><!-- [et_pb_line_break_holder] --><script src=\"https:\/\/www.cognitoforms.com\/s\/ORV8hwL0ek-uWVokH_QmNA\"><\/script><!-- [et_pb_line_break_holder] --><script>Cognito.load(\"forms\", { id: \"91\" });<\/script><!-- [et_pb_line_break_holder] --><\/div>\n<p>[\/et_pb_code][\/et_pb_column][\/et_pb_row][et_pb_row use_custom_gutter=\u00bbon\u00bb _builder_version=\u00bb4.9.10&#8243; global_module=\u00bb406&#8243; saved_tabs=\u00bball\u00bb][et_pb_column type=\u00bb4_4&#8243; _builder_version=\u00bb3.25&#8243; custom_padding=\u00bb|||\u00bb custom_padding__hover=\u00bb|||\u00bb][et_pb_text module_id=\u00bbpreguntas\u00bb _builder_version=\u00bb4.9.10&#8243; text_font=\u00bb||||||||\u00bb text_font_size=\u00bb16px\u00bb text_line_height=\u00bb2em\u00bb header_font=\u00bb||||||||\u00bb header_2_font=\u00bbMontserrat|300|||||||\u00bb header_2_font_size=\u00bb40px\u00bb header_2_line_height=\u00bb1.4em\u00bb header_3_font=\u00bbMontserrat|300|||||||\u00bb header_3_font_size=\u00bb34px\u00bb header_5_font=\u00bb||||||||\u00bb header_5_text_color=\u00bb#7f8dff\u00bb header_5_line_height=\u00bb2em\u00bb text_orientation=\u00bbcenter\u00bb max_width=\u00bb700px\u00bb module_alignment=\u00bbcenter\u00bb header_2_font_size_tablet=\u00bb\u00bb header_2_font_size_phone=\u00bb30px\u00bb header_2_font_size_last_edited=\u00bbon|phone\u00bb locked=\u00bboff\u00bb]<\/p>\n<h3>\u00bfC\u00f3mo utilizar este sitio?<\/h3>\n<p>[\/et_pb_text][et_pb_toggle title=\u00bb\u00bfPara qu\u00e9 sirve esta p\u00e1gina web? \u00bb open_toggle_text_color=\u00bb#000000&#8243; open_toggle_background_color=\u00bb#eeeeee\u00bb closed_toggle_text_color=\u00bb#000000&#8243; closed_toggle_background_color=\u00bb#eeeeee\u00bb _builder_version=\u00bb4.9.10&#8243; title_level=\u00bbh4&#8243; title_font=\u00bbMontserrat|500|||||||\u00bb title_line_height=\u00bb1.4em\u00bb body_font_size=\u00bb16px\u00bb body_line_height=\u00bb2em\u00bb custom_padding=\u00bb30px|40px|30px|40px|true|true\u00bb animation_style=\u00bbfade\u00bb border_radii=\u00bbon|10px|10px|10px|10px\u00bb border_width_all=\u00bb0px\u00bb box_shadow_style=\u00bbpreset1&#8243; box_shadow_blur=\u00bb30px\u00bb box_shadow_color=\u00bbrgba(0,0,0,0.06)\u00bb]<\/p>\n<p>Sitio informativo dise\u00f1ado para prevenir la violencia en el noviazgo, esta web proporciona una visi\u00f3n que permite diferenciar las relaciones saludables de las t\u00f3xicas en una relaci\u00f3n de noviazgo, tambi\u00e9n orienta en los procesos de busca ayuda al encontrarse en una situaci\u00f3n de riesgo leve, moderado o grave de sufrir violencia.<\/p>\n<p>[\/et_pb_toggle][et_pb_toggle title=\u00bb\u00bfC\u00f3mo usar esta web? \u00bb open_toggle_text_color=\u00bb#000000&#8243; open_toggle_background_color=\u00bb#eeeeee\u00bb closed_toggle_text_color=\u00bb#000000&#8243; closed_toggle_background_color=\u00bb#eeeeee\u00bb _builder_version=\u00bb4.9.10&#8243; title_level=\u00bbh4&#8243; title_font=\u00bbMontserrat|500|||||||\u00bb title_line_height=\u00bb1.4em\u00bb body_font_size=\u00bb16px\u00bb body_line_height=\u00bb2em\u00bb custom_padding=\u00bb30px|40px|30px|40px|true|true\u00bb animation_style=\u00bbfade\u00bb border_radii=\u00bbon|10px|10px|10px|10px\u00bb border_width_all=\u00bb0px\u00bb box_shadow_style=\u00bbpreset1&#8243; box_shadow_blur=\u00bb30px\u00bb box_shadow_color=\u00bbrgba(0,0,0,0.06)\u00bb]<\/p>\n<p>Recomendamos empezar por la secci\u00f3n con\u00f3cete que mediante 4 tests podr\u00e1s identificar si agredes, recibes violencia, posees rasgos de dependencia emocional o c\u00f3mo est\u00e1n tus mitos sobre el amor. El resultado de cada test va acompa\u00f1ado de recomendaciones puntuales sobre tu situaci\u00f3n. Luego continuar con la secci\u00f3n educativa-interactiva donde encontraras 4 temas educativos con: Video, material de lectura y un peque\u00f1o test ilustrado para probar tu conocimiento. Sugerimos completar cada tema antes de pasar al siguiente.<\/p>\n<p>[\/et_pb_toggle][et_pb_toggle title=\u00bb\u00bfQu\u00e9 significa la secci\u00f3n busca ayuda?\u00bb open_toggle_text_color=\u00bb#000000&#8243; open_toggle_background_color=\u00bb#eeeeee\u00bb closed_toggle_text_color=\u00bb#000000&#8243; closed_toggle_background_color=\u00bb#eeeeee\u00bb _builder_version=\u00bb4.9.10&#8243; title_level=\u00bbh4&#8243; title_font=\u00bbMontserrat|500|||||||\u00bb title_line_height=\u00bb1.4em\u00bb body_font_size=\u00bb16px\u00bb body_line_height=\u00bb2em\u00bb custom_padding=\u00bb30px|40px|30px|40px|true|true\u00bb animation_style=\u00bbfade\u00bb border_radii=\u00bbon|10px|10px|10px|10px\u00bb border_width_all=\u00bb0px\u00bb box_shadow_style=\u00bbpreset1&#8243; box_shadow_blur=\u00bb30px\u00bb box_shadow_color=\u00bbrgba(0,0,0,0.06)\u00bb]<\/p>\n<p>La tercera secci\u00f3n de la web facilita informaciones para la b\u00fasqueda de apoyo en caso de requerir servicios sociales o de protecci\u00f3n en personas expuestas a la violencia en el noviazgo.<\/p>\n<p>[\/et_pb_toggle][et_pb_toggle title=\u00bb\u00bfQu\u00e9 es la secci\u00f3n eval\u00faanos? \u00bb open_toggle_text_color=\u00bb#000000&#8243; open_toggle_background_color=\u00bb#eeeeee\u00bb closed_toggle_text_color=\u00bb#000000&#8243; closed_toggle_background_color=\u00bb#eeeeee\u00bb _builder_version=\u00bb4.9.10&#8243; title_level=\u00bbh4&#8243; title_font=\u00bbMontserrat|500|||||||\u00bb title_line_height=\u00bb1.4em\u00bb body_font_size=\u00bb16px\u00bb body_line_height=\u00bb2em\u00bb custom_padding=\u00bb30px|40px|30px|40px|true|true\u00bb animation_style=\u00bbfade\u00bb border_radii=\u00bbon|10px|10px|10px|10px\u00bb border_width_all=\u00bb0px\u00bb box_shadow_style=\u00bbpreset1&#8243; box_shadow_blur=\u00bb30px\u00bb box_shadow_color=\u00bbrgba(0,0,0,0.06)\u00bb]Esta secci\u00f3n ha sido dise\u00f1ada para conocer la opini\u00f3n de los usuarios sobre esta iniciativa y explorar las opciones que nos permitan mejorar. [\/et_pb_toggle][et_pb_toggle title=\u00bb\u00bfQu\u00e9 objetivo tiene la secci\u00f3n con\u00f3cete?\u00bb open_toggle_text_color=\u00bb#000000&#8243; open_toggle_background_color=\u00bb#eeeeee\u00bb closed_toggle_text_color=\u00bb#000000&#8243; closed_toggle_background_color=\u00bb#eeeeee\u00bb _builder_version=\u00bb4.9.10&#8243; title_level=\u00bbh4&#8243; title_font=\u00bbMontserrat|500|||||||\u00bb title_line_height=\u00bb1.4em\u00bb body_font_size=\u00bb16px\u00bb body_line_height=\u00bb2em\u00bb custom_padding=\u00bb30px|40px|30px|40px|true|true\u00bb animation_style=\u00bbfade\u00bb border_radii=\u00bbon|10px|10px|10px|10px\u00bb border_width_all=\u00bb0px\u00bb box_shadow_style=\u00bbpreset1&#8243; box_shadow_blur=\u00bb30px\u00bb box_shadow_color=\u00bbrgba(0,0,0,0.06)\u00bb]<\/p>\n<p>Sabemos que la mejor forma de evitar consecuencias graves producto de la violencia es identificando si estamos expuestos a ella, las personas expuestas a la violencia son las primeras llamadas a movilizarse para cambiar esta situaci\u00f3n. Si est\u00e1s expuesta\/o a comportamientos violentos ya sea victimizaci\u00f3n o abuso, el test te dirige inmediatamente a la secci\u00f3n busca ayuda. A veces las\/os involucrados normalizan las situaciones violentas y no pueden identificar que est\u00e1n en peligro. Este sitio te apoya en la identificaci\u00f3n de esas se\u00f1ales y te orienta para buscar el apoyo dando prioridad al autocuidado.<\/p>\n<p>[\/et_pb_toggle][et_pb_toggle title=\u00bb\u00bfQu\u00e9 se pretende transmitir con los temas de la secci\u00f3n formaci\u00f3n interactiva?\u00bb open_toggle_text_color=\u00bb#000000&#8243; open_toggle_background_color=\u00bb#eeeeee\u00bb closed_toggle_text_color=\u00bb#000000&#8243; closed_toggle_background_color=\u00bb#eeeeee\u00bb _builder_version=\u00bb4.9.10&#8243; title_level=\u00bbh4&#8243; title_font=\u00bbMontserrat|500|||||||\u00bb title_line_height=\u00bb1.4em\u00bb body_font_size=\u00bb16px\u00bb body_line_height=\u00bb2em\u00bb custom_padding=\u00bb30px|40px|30px|40px|true|true\u00bb animation_style=\u00bbfade\u00bb border_radii=\u00bbon|10px|10px|10px|10px\u00bb border_width_all=\u00bb0px\u00bb box_shadow_style=\u00bbpreset1&#8243; box_shadow_blur=\u00bb30px\u00bb box_shadow_color=\u00bbrgba(0,0,0,0.06)\u00bb]<\/p>\n<p>La secci\u00f3n formaci\u00f3n interactiva est\u00e1 organizada con dos temas que proporcionan la visi\u00f3n positiva del noviazgo y dos temas que ayudan a identificar cuando la persona est\u00e1 involucrada en una relaci\u00f3n nociva que puede afectar el bienestar f\u00edsico y mental de la persona.<\/p>\n<p>[\/et_pb_toggle][\/et_pb_column][\/et_pb_row][et_pb_row _builder_version=\u00bb3.25&#8243; custom_padding=\u00bb27px|0px|27px|0px|false|false\u00bb][et_pb_column type=\u00bb4_4&#8243; _builder_version=\u00bb3.25&#8243; custom_padding=\u00bb|||\u00bb custom_padding__hover=\u00bb|||\u00bb][\/et_pb_column][\/et_pb_row][\/et_pb_section]<\/p>\n","protected":false},"excerpt":{"rendered":"<p>Eval\u00faanosAy\u00fadanos a servirte mejorMapa de visitasPreguntas frecuentesSitio informativo dise\u00f1ado para prevenir la violencia en el noviazgo, esta web proporciona una visi\u00f3n que permite diferenciar las relaciones saludables de las t\u00f3xicas en una relaci\u00f3n de noviazgo, tambi\u00e9n orienta en los procesos de busca ayuda al encontrarse en una situaci\u00f3n de riesgo leve, moderado o grave de [&hellip;]<\/p>\n","protected":false},"author":8,"featured_media":0,"parent":0,"menu_order":0,"comment_status":"closed","ping_status":"closed","template":"","meta":{"_et_pb_use_builder":"on","_et_pb_old_content":"","_et_gb_content_width":"","inline_featured_image":false,"footnotes":""},"_links":{"self":[{"href":"https:\/\/puceapex.puce.edu.ec\/web\/violencia-noviazgo\/wp-json\/wp\/v2\/pages\/320"}],"collection":[{"href":"https:\/\/puceapex.puce.edu.ec\/web\/violencia-noviazgo\/wp-json\/wp\/v2\/pages"}],"about":[{"href":"https:\/\/puceapex.puce.edu.ec\/web\/violencia-noviazgo\/wp-json\/wp\/v2\/types\/page"}],"author":[{"embeddable":true,"href":"https:\/\/puceapex.puce.edu.ec\/web\/violencia-noviazgo\/wp-json\/wp\/v2\/users\/8"}],"replies":[{"embeddable":true,"href":"https:\/\/puceapex.puce.edu.ec\/web\/violencia-noviazgo\/wp-json\/wp\/v2\/comments?post=320"}],"version-history":[{"count":13,"href":"https:\/\/puceapex.puce.edu.ec\/web\/violencia-noviazgo\/wp-json\/wp\/v2\/pages\/320\/revisions"}],"predecessor-version":[{"id":444,"href":"https:\/\/puceapex.puce.edu.ec\/web\/violencia-noviazgo\/wp-json\/wp\/v2\/pages\/320\/revisions\/444"}],"wp:attachment":[{"href":"https:\/\/puceapex.puce.edu.ec\/web\/violencia-noviazgo\/wp-json\/wp\/v2\/media?parent=320"}],"curies":[{"name":"wp","href":"https:\/\/api.w.org\/{rel}","templated":true}]}}