{"id":110,"date":"2020-12-15T22:11:06","date_gmt":"2020-12-15T22:11:06","guid":{"rendered":"https:\/\/puceapex.puce.edu.ec\/web\/ceish\/?page_id=110"},"modified":"2023-09-01T16:44:48","modified_gmt":"2023-09-01T16:44:48","slug":"capacitaciones","status":"publish","type":"page","link":"https:\/\/puceapex.puce.edu.ec\/web\/ceish\/capacitaciones\/","title":{"rendered":"Capacitaciones"},"content":{"rendered":"<p>[et_pb_section fb_built=\u00bb1&#8243; custom_padding_last_edited=\u00bbon|phone\u00bb disabled_on=\u00bbon|on|off\u00bb _builder_version=\u00bb4.16&#8243; use_background_color_gradient=\u00bbon\u00bb background_color_gradient_direction=\u00bb23deg\u00bb background_color_gradient_stops=\u00bb#ffffff 35%|#233b4e 100%\u00bb background_color_gradient_start=\u00bb#ffffff\u00bb background_color_gradient_start_position=\u00bb35%\u00bb background_color_gradient_end=\u00bb#233b4e\u00bb background_image=\u00bbhttps:\/\/puceapex.puce.edu.ec\/web\/ceish\/wp-content\/uploads\/sites\/19\/2020\/12\/laptop-2560085_1920.jpg\u00bb background_blend=\u00bbsoft-light\u00bb custom_padding=\u00bb110px||110px||true|false\u00bb custom_padding_tablet=\u00bb70px||70px||true|false\u00bb custom_padding_phone=\u00bb30px||30px||true|false\u00bb background_last_edited=\u00bbon|phone\u00bb use_background_color_gradient_tablet=\u00bboff\u00bb background_enable_image_tablet=\u00bboff\u00bb da_disable_devices=\u00bboff|off|off\u00bb global_colors_info=\u00bb{}\u00bb da_is_popup=\u00bboff\u00bb da_exit_intent=\u00bboff\u00bb da_has_close=\u00bbon\u00bb da_alt_close=\u00bboff\u00bb da_dark_close=\u00bboff\u00bb da_not_modal=\u00bbon\u00bb da_is_singular=\u00bboff\u00bb da_with_loader=\u00bboff\u00bb da_has_shadow=\u00bbon\u00bb][et_pb_row column_structure=\u00bb1_2,1_2&#8243; _builder_version=\u00bb4.16&#8243; global_colors_info=\u00bb{}\u00bb][et_pb_column type=\u00bb1_2&#8243; _builder_version=\u00bb4.16&#8243; custom_padding=\u00bb|||\u00bb global_colors_info=\u00bb{}\u00bb custom_padding__hover=\u00bb|||\u00bb][et_pb_divider color=\u00bb#00bfd8&#8243; divider_position=\u00bbcenter\u00bb divider_weight=\u00bb3px\u00bb disabled_on=\u00bboff|off|off\u00bb _builder_version=\u00bb4.16&#8243; max_width=\u00bb150px\u00bb height=\u00bbfalse\u00bb animation_style=\u00bbslide\u00bb animation_direction=\u00bbtop\u00bb animation_delay=\u00bb100ms\u00bb animation_intensity_slide=\u00bb10%\u00bb locked=\u00bboff\u00bb global_colors_info=\u00bb{}\u00bb][\/et_pb_divider][et_pb_text admin_label=\u00bbDiscover Beatuty Text\u00bb _builder_version=\u00bb4.16&#8243; text_font=\u00bbRoboto||||\u00bb text_font_size=\u00bb16px\u00bb text_line_height=\u00bb1.9em\u00bb custom_padding=\u00bb30px|||\u00bb animation_style=\u00bbslide\u00bb animation_direction=\u00bbtop\u00bb animation_delay=\u00bb200ms\u00bb animation_intensity_slide=\u00bb10%\u00bb global_colors_info=\u00bb{}\u00bb]El CEISH desde su aprobaci\u00f3n ha venido desarrollando cursos de capacitaci\u00f3n sobre Bio\u00e9tica, \u00c9tica de la investigaci\u00f3n y Metodolog\u00eda de la investigaci\u00f3n, entre otros. Estos han sido desarrollados por expertos nacionales e internacionales. Actualmente en asocio con la Maestr\u00eda en Bio\u00e9tica de la PUCE se organizan cursos dirigidos a profesionales de distintas \u00e1reas del conocimiento.[\/et_pb_text][\/et_pb_column][et_pb_column type=\u00bb1_2&#8243; _builder_version=\u00bb4.16&#8243; custom_padding=\u00bb|||\u00bb global_colors_info=\u00bb{}\u00bb custom_padding__hover=\u00bb|||\u00bb][et_pb_text admin_label=\u00bbDiscover Beatuty Title\u00bb _builder_version=\u00bb4.16&#8243; text_font=\u00bb||||\u00bb text_text_color=\u00bb#1a1a1a\u00bb header_font=\u00bbOswald|on||on|\u00bb header_text_align=\u00bbright\u00bb header_text_color=\u00bb#ffffff\u00bb header_font_size=\u00bb60px\u00bb header_line_height=\u00bb1.3em\u00bb custom_margin=\u00bb|||\u00bb custom_padding=\u00bb|||\u00bb animation_style=\u00bbslide\u00bb animation_direction=\u00bbtop\u00bb animation_intensity_slide=\u00bb10%\u00bb header_text_color_tablet=\u00bb#00BFD8&#8243; header_text_color_phone=\u00bb#00BFD8&#8243; header_text_color_last_edited=\u00bbon|phone\u00bb header_font_size_tablet=\u00bb\u00bb header_font_size_phone=\u00bb45px\u00bb header_font_size_last_edited=\u00bbon|phone\u00bb header_text_shadow_style=\u00bbpreset3&#8243; header_text_shadow_color_tablet=\u00bbrgba(0,0,0,0)\u00bb header_text_shadow_color_phone=\u00bbrgba(0,0,0,0)\u00bb header_text_shadow_color_last_edited=\u00bbon|phone\u00bb global_colors_info=\u00bb{}\u00bb]<\/p>\n<h1>Capacitaciones   <\/h1>\n<p>[\/et_pb_text][\/et_pb_column][\/et_pb_row][\/et_pb_section][et_pb_section fb_built=\u00bb1&#8243; custom_padding_last_edited=\u00bbon|phone\u00bb disabled_on=\u00bboff|off|on\u00bb _builder_version=\u00bb4.16&#8243; use_background_color_gradient=\u00bbon\u00bb background_color_gradient_direction=\u00bb23deg\u00bb background_color_gradient_stops=\u00bb#ffffff 35%|#233b4e 100%\u00bb background_color_gradient_start=\u00bb#ffffff\u00bb background_color_gradient_start_position=\u00bb35%\u00bb background_color_gradient_end=\u00bb#233b4e\u00bb background_image=\u00bbhttps:\/\/puceapex.puce.edu.ec\/web\/ceish\/wp-content\/uploads\/sites\/19\/2020\/12\/laptop-2560085_1920.jpg\u00bb background_blend=\u00bbsoft-light\u00bb custom_padding=\u00bb110px||110px||true|false\u00bb custom_padding_tablet=\u00bb70px||70px||true|false\u00bb custom_padding_phone=\u00bb30px||30px||true|false\u00bb background_last_edited=\u00bbon|phone\u00bb use_background_color_gradient_tablet=\u00bboff\u00bb background_enable_image_tablet=\u00bboff\u00bb da_disable_devices=\u00bboff|off|off\u00bb global_colors_info=\u00bb{}\u00bb da_is_popup=\u00bboff\u00bb da_exit_intent=\u00bboff\u00bb da_has_close=\u00bbon\u00bb da_alt_close=\u00bboff\u00bb da_dark_close=\u00bboff\u00bb da_not_modal=\u00bbon\u00bb da_is_singular=\u00bboff\u00bb da_with_loader=\u00bboff\u00bb da_has_shadow=\u00bbon\u00bb][et_pb_row column_structure=\u00bb1_2,1_2&#8243; _builder_version=\u00bb4.16&#8243; global_colors_info=\u00bb{}\u00bb][et_pb_column type=\u00bb1_2&#8243; _builder_version=\u00bb4.16&#8243; custom_padding=\u00bb|||\u00bb global_colors_info=\u00bb{}\u00bb custom_padding__hover=\u00bb|||\u00bb][et_pb_text admin_label=\u00bbDiscover Beatuty Title\u00bb _builder_version=\u00bb4.16&#8243; text_font=\u00bb||||\u00bb text_text_color=\u00bb#1a1a1a\u00bb header_font=\u00bbOswald|on||on|\u00bb header_text_align=\u00bbright\u00bb header_text_color=\u00bb#ffffff\u00bb header_font_size=\u00bb60px\u00bb header_line_height=\u00bb1.3em\u00bb animation_style=\u00bbslide\u00bb animation_direction=\u00bbtop\u00bb animation_intensity_slide=\u00bb10%\u00bb header_text_align_tablet=\u00bbleft\u00bb header_text_align_phone=\u00bb\u00bb header_text_align_last_edited=\u00bbon|phone\u00bb header_text_color_tablet=\u00bb#00bfd8&#8243; header_text_color_phone=\u00bb\u00bb header_text_color_last_edited=\u00bbon|tablet\u00bb header_font_size_tablet=\u00bb\u00bb header_font_size_phone=\u00bb45px\u00bb header_font_size_last_edited=\u00bbon|phone\u00bb header_text_shadow_style=\u00bbpreset3&#8243; header_text_shadow_color=\u00bbrgba(0,0,0,0)\u00bb header_text_shadow_horizontal_length_tablet=\u00bb\u00bb header_text_shadow_horizontal_length_phone=\u00bb\u00bb header_text_shadow_horizontal_length_last_edited=\u00bbon|tablet\u00bb global_colors_info=\u00bb{}\u00bb]<\/p>\n<h1>Capacitaciones   <\/h1>\n<p>[\/et_pb_text][et_pb_divider color=\u00bb#00bfd8&#8243; divider_position=\u00bbcenter\u00bb divider_weight=\u00bb3px\u00bb disabled_on=\u00bboff|off|off\u00bb _builder_version=\u00bb4.16&#8243; max_width=\u00bb150px\u00bb height=\u00bbfalse\u00bb animation_style=\u00bbslide\u00bb animation_direction=\u00bbtop\u00bb animation_delay=\u00bb100ms\u00bb animation_intensity_slide=\u00bb10%\u00bb locked=\u00bboff\u00bb global_colors_info=\u00bb{}\u00bb][\/et_pb_divider][et_pb_text admin_label=\u00bbDiscover Beatuty Text\u00bb _builder_version=\u00bb4.16&#8243; text_font=\u00bbRoboto||||\u00bb text_font_size=\u00bb16px\u00bb text_line_height=\u00bb1.9em\u00bb custom_padding=\u00bb30px|||\u00bb animation_style=\u00bbslide\u00bb animation_direction=\u00bbtop\u00bb animation_delay=\u00bb200ms\u00bb animation_intensity_slide=\u00bb10%\u00bb global_colors_info=\u00bb{}\u00bb]El CEISH desde su aprobaci\u00f3n ha venido desarrollando cursos de capacitaci\u00f3n sobre Bio\u00e9tica, \u00c9tica de la investigaci\u00f3n y Metodolog\u00eda de la investigaci\u00f3n, entre otros. Estos han sido desarrollados por expertos nacionales e internacionales. Actualmente en asocio con la Maestr\u00eda en Bio\u00e9tica de la PUCE se organizan cursos dirigidos a profesionales de distintas \u00e1reas del conocimiento.[\/et_pb_text][\/et_pb_column][et_pb_column type=\u00bb1_2&#8243; _builder_version=\u00bb4.16&#8243; custom_padding=\u00bb|||\u00bb global_colors_info=\u00bb{}\u00bb custom_padding__hover=\u00bb|||\u00bb][\/et_pb_column][\/et_pb_row][\/et_pb_section][et_pb_section fb_built=\u00bb1&#8243; custom_padding_last_edited=\u00bbon|phone\u00bb _builder_version=\u00bb4.16&#8243; background_enable_color=\u00bboff\u00bb use_background_color_gradient=\u00bbon\u00bb background_color_gradient_direction=\u00bb275deg\u00bb background_color_gradient_stops=\u00bb#f4f4f4 46%|#233b4e 95%\u00bb background_color_gradient_start=\u00bb#f4f4f4&#8243; background_color_gradient_start_position=\u00bb46%\u00bb background_color_gradient_end=\u00bb#233b4e\u00bb background_color_gradient_end_position=\u00bb95%\u00bb background_image=\u00bbhttps:\/\/puceapex.puce.edu.ec\/web\/ceish\/wp-content\/uploads\/sites\/19\/2020\/12\/technology-1095751_1920.jpg\u00bb background_blend=\u00bbsoft-light\u00bb custom_padding=\u00bb110px||110px||true|false\u00bb custom_padding_tablet=\u00bb70px||70px||true|false\u00bb custom_padding_phone=\u00bb30px||30px||true|false\u00bb background_color_tablet=\u00bb#f4f4f4&#8243; background_last_edited=\u00bbon|tablet\u00bb background_enable_color_tablet=\u00bbon\u00bb use_background_color_gradient_tablet=\u00bboff\u00bb background_enable_image_tablet=\u00bboff\u00bb da_disable_devices=\u00bboff|off|off\u00bb global_colors_info=\u00bb{}\u00bb da_is_popup=\u00bboff\u00bb da_exit_intent=\u00bboff\u00bb da_has_close=\u00bbon\u00bb da_alt_close=\u00bboff\u00bb da_dark_close=\u00bboff\u00bb da_not_modal=\u00bbon\u00bb da_is_singular=\u00bboff\u00bb da_with_loader=\u00bboff\u00bb da_has_shadow=\u00bbon\u00bb][et_pb_row column_structure=\u00bb1_2,1_2&#8243; _builder_version=\u00bb4.16&#8243; global_colors_info=\u00bb{}\u00bb][et_pb_column type=\u00bb1_2&#8243; _builder_version=\u00bb4.16&#8243; custom_padding=\u00bb|||\u00bb global_colors_info=\u00bb{}\u00bb custom_padding__hover=\u00bb|||\u00bb][et_pb_text admin_label=\u00bbTop Destination Title\u00bb _builder_version=\u00bb4.16&#8243; text_font=\u00bb||||\u00bb text_text_color=\u00bb#1a1a1a\u00bb header_font=\u00bbOswald|on||on|\u00bb header_text_align=\u00bbleft\u00bb header_text_color=\u00bb#ffffff\u00bb header_font_size=\u00bb60px\u00bb header_line_height=\u00bb1.3em\u00bb custom_margin=\u00bb|||\u00bb custom_padding=\u00bb|||\u00bb animation_style=\u00bbslide\u00bb animation_direction=\u00bbtop\u00bb animation_intensity_slide=\u00bb10%\u00bb header_text_color_tablet=\u00bb#00BFD8&#8243; header_text_color_phone=\u00bb#00BFD8&#8243; header_text_color_last_edited=\u00bbon|phone\u00bb header_font_size_tablet=\u00bb\u00bb header_font_size_phone=\u00bb45px\u00bb header_font_size_last_edited=\u00bbon|phone\u00bb header_text_shadow_style=\u00bbpreset3&#8243; header_text_shadow_color_tablet=\u00bbrgba(0,0,0,0)\u00bb header_text_shadow_color_phone=\u00bbrgba(0,0,0,0)\u00bb header_text_shadow_color_last_edited=\u00bbon|phone\u00bb locked=\u00bboff\u00bb global_colors_info=\u00bb{}\u00bb]<\/p>\n<h1>Cursos Desarrollados<\/h1>\n<p>[\/et_pb_text][et_pb_divider color=\u00bb#00bfd8&#8243; divider_position=\u00bbcenter\u00bb divider_weight=\u00bb3px\u00bb disabled_on=\u00bboff|off|off\u00bb _builder_version=\u00bb4.16&#8243; max_width=\u00bb150px\u00bb height=\u00bbfalse\u00bb animation_style=\u00bbslide\u00bb animation_direction=\u00bbtop\u00bb animation_delay=\u00bb100ms\u00bb animation_intensity_slide=\u00bb10%\u00bb locked=\u00bboff\u00bb global_colors_info=\u00bb{}\u00bb][\/et_pb_divider][\/et_pb_column][et_pb_column type=\u00bb1_2&#8243; _builder_version=\u00bb4.16&#8243; custom_padding=\u00bb|||\u00bb global_colors_info=\u00bb{}\u00bb custom_padding__hover=\u00bb|||\u00bb][et_pb_text admin_label=\u00bbTop Destination Text\u00bb _builder_version=\u00bb4.16&#8243; text_font=\u00bbRoboto||||\u00bb text_font_size=\u00bb16px\u00bb text_line_height=\u00bb1.9em\u00bb custom_margin=\u00bb||-26px||false|false\u00bb custom_padding=\u00bb||0px||false|false\u00bb animation_style=\u00bbslide\u00bb animation_direction=\u00bbtop\u00bb animation_intensity_slide=\u00bb4%\u00bb locked=\u00bboff\u00bb global_colors_info=\u00bb{}\u00bb]<\/p>\n<ul>\n<li>Curso de actualizaci\u00f3n para miembros de Comit\u00e9s de \u00e9tica de la investigaci\u00f3n en seres humanos en Ecuador (2015).<\/li>\n<li>Curso de actualizaci\u00f3n para miembros de Comit\u00e9s de \u00e9tica de la investigaci\u00f3n en seres humanos en Ecuador (2016).<\/li>\n<li>Curso de actualizaci\u00f3n: Sexualidad, \u00e9tica y salud (2016).<\/li>\n<li>Curso de actualizaci\u00f3n de habilidades en la pr\u00e1ctica cl\u00ednica: Consentimiento, comunicaci\u00f3n y autocuidado (2016).<\/li>\n<li>Curso de actualizaci\u00f3n: Buenas pr\u00e1cticas cl\u00ednicas (2016).<\/li>\n<li>Curso de Metodolog\u00eda de investigaci\u00f3n observacional en salud y bioestad\u00edstica (2017).<\/li>\n<li>Curso especial de Bio\u00e9tica basado en casos pr\u00e1cticos (2017).<\/li>\n<li>Curso &#8211; taller de investigaci\u00f3n en Bio\u00e9tica (2018).<\/li>\n<li>Jornadas Internacionales de Bio\u00e9tica: Bio\u00e9tica, Ciencia y Sociedad (2019).<\/li>\n<\/ul>\n<p>[\/et_pb_text][\/et_pb_column][\/et_pb_row][et_pb_row _builder_version=\u00bb4.16&#8243; locked=\u00bboff\u00bb global_colors_info=\u00bb{}\u00bb disabled_on=\u00bbon|on|on\u00bb disabled=\u00bbon\u00bb][et_pb_column type=\u00bb4_4&#8243; _builder_version=\u00bb4.16&#8243; custom_padding=\u00bb|||\u00bb global_colors_info=\u00bb{}\u00bb custom_padding__hover=\u00bb|||\u00bb][et_pb_divider color=\u00bb#00bfd8&#8243; divider_position=\u00bbcenter\u00bb divider_weight=\u00bb3px\u00bb disabled_on=\u00bbon|on|off\u00bb _builder_version=\u00bb4.16&#8243; max_width=\u00bb150px\u00bb height=\u00bbfalse\u00bb animation_style=\u00bbslide\u00bb animation_direction=\u00bbtop\u00bb animation_delay=\u00bb200ms\u00bb animation_intensity_slide=\u00bb10%\u00bb global_colors_info=\u00bb{}\u00bb][\/et_pb_divider][et_pb_text disabled_on=\u00bboff|off|off\u00bb admin_label=\u00bbDiscover Beatuty Text\u00bb _builder_version=\u00bb4.17.4&#8243; text_font=\u00bbRoboto||||\u00bb text_font_size=\u00bb16px\u00bb text_line_height=\u00bb1.9em\u00bb text_orientation=\u00bbjustified\u00bb custom_margin=\u00bb||80px||false|false\u00bb custom_margin_tablet=\u00bb||||false|false\u00bb custom_margin_phone=\u00bb||||false|false\u00bb custom_margin_last_edited=\u00bbon|phone\u00bb custom_padding=\u00bb20px||||false|false\u00bb custom_padding_tablet=\u00bb0px||||false|false\u00bb custom_padding_phone=\u00bb\u00bb custom_padding_last_edited=\u00bbon|tablet\u00bb animation_style=\u00bbslide\u00bb animation_direction=\u00bbtop\u00bb animation_delay=\u00bb300ms\u00bb animation_intensity_slide=\u00bb10%\u00bb global_colors_info=\u00bb{}\u00bb]<\/p>\n<h2><span>\u00bfQu\u00e9 necesita presentar cada investigaci\u00f3n?<\/span><\/h2>\n<p><span><a href=\"https:\/\/puceapex.puce.edu.ec\/web\/ceish\/wp-content\/uploads\/sites\/19\/2023\/09\/Recepcion-proyectos-.docx\">Recepci\u00f3n proyectos<\/a><\/span>[\/et_pb_text][et_pb_text disabled_on=\u00bboff|off|off\u00bb admin_label=\u00bbDiscover Beatuty Text\u00bb _builder_version=\u00bb4.17.4&#8243; text_font=\u00bbRoboto||||\u00bb text_font_size=\u00bb16px\u00bb text_line_height=\u00bb1.9em\u00bb text_orientation=\u00bbjustified\u00bb custom_margin=\u00bb||80px||false|false\u00bb custom_margin_tablet=\u00bb||||false|false\u00bb custom_margin_phone=\u00bb||||false|false\u00bb custom_margin_last_edited=\u00bbon|phone\u00bb custom_padding=\u00bb20px||||false|false\u00bb custom_padding_tablet=\u00bb0px||||false|false\u00bb custom_padding_phone=\u00bb\u00bb custom_padding_last_edited=\u00bbon|tablet\u00bb animation_style=\u00bbslide\u00bb animation_direction=\u00bbtop\u00bb animation_delay=\u00bb300ms\u00bb animation_intensity_slide=\u00bb10%\u00bb global_colors_info=\u00bb{}\u00bb]<\/p>\n<h2>Anexos<\/h2>\n<p>1. <a href=\"https:\/\/puceapex.puce.edu.ec\/web\/ceish\/wp-content\/uploads\/sites\/19\/2023\/08\/Anexo-1-Carta-solicitud.docx\">Carta Solicitud<\/a><\/p>\n<p>2. <a href=\"https:\/\/puceapex.puce.edu.ec\/web\/ceish\/wp-content\/uploads\/sites\/19\/2023\/08\/Anexo-2-Datos-generales.docx\">Datos generales<\/a><\/p>\n<p>3. <a href=\"https:\/\/puceapex.puce.edu.ec\/web\/ceish\/wp-content\/uploads\/sites\/19\/2023\/08\/Anexo-3-Protocolo.docx\">Protocolo<\/a><\/p>\n<p>3.1. <a href=\"https:\/\/puceapex.puce.edu.ec\/web\/ceish\/wp-content\/uploads\/sites\/19\/2023\/08\/Anexo-3.1-Prot-inv-secundaria.docx\">Protocolo de Investigaci\u00f3n Secundaria<\/a><\/p>\n<p>3.2. <a href=\"https:\/\/puceapex.puce.edu.ec\/web\/ceish\/wp-content\/uploads\/sites\/19\/2023\/08\/Anexo-3.2-Prot-Reporte-caso.docx\">Protocolo de Investigaci\u00f3n: Reporte de un caso<\/a><\/p>\n<p>4. <a href=\"https:\/\/puceapex.puce.edu.ec\/web\/ceish\/wp-content\/uploads\/sites\/19\/2023\/08\/Anexo-4-Consentimiento.docx\">Consentimiento<\/a><\/p>\n<p>5. <a href=\"https:\/\/puceapex.puce.edu.ec\/web\/ceish\/wp-content\/uploads\/sites\/19\/2023\/08\/Anexo-5-Declaracion-resp.docx\">Declaraci\u00f3n<\/a><\/p>\n<p>6. <a href=\"https:\/\/puceapex.puce.edu.ec\/web\/ceish\/wp-content\/uploads\/sites\/19\/2023\/08\/Anexo-6.-Modelo-carta-interes.docx\">Modelo carta inter\u00e9s<\/a><\/p>\n<p>7. <a href=\"https:\/\/puceapex.puce.edu.ec\/web\/ceish\/wp-content\/uploads\/sites\/19\/2023\/08\/Anexo-7-Cronograma.docx\">Cronograma<\/a><\/p>\n<p>8. <a href=\"https:\/\/puceapex.puce.edu.ec\/web\/ceish\/wp-content\/uploads\/sites\/19\/2023\/08\/Anexo-8-Dicha-descriptiva-Ensayo.docx\">Dicha descriptiva ensayo<\/a><\/p>\n<p>9. <a href=\"https:\/\/puceapex.puce.edu.ec\/web\/ceish\/wp-content\/uploads\/sites\/19\/2023\/08\/Anexo-9-Carta-responsabilidad.docx\">Carta responsabilidad<\/a><\/p>\n<p>[\/et_pb_text][\/et_pb_column][\/et_pb_row][\/et_pb_section]<\/p>\n","protected":false},"excerpt":{"rendered":"<p>El CEISH desde su aprobaci\u00f3n ha venido desarrollando cursos de capacitaci\u00f3n sobre Bio\u00e9tica, \u00c9tica de la investigaci\u00f3n y Metodolog\u00eda de la investigaci\u00f3n, entre otros. Estos han sido desarrollados por expertos nacionales e internacionales. Actualmente en asocio con la Maestr\u00eda en Bio\u00e9tica de la PUCE se organizan cursos dirigidos a profesionales de distintas \u00e1reas del conocimiento.Capacitaciones [&hellip;]<\/p>\n","protected":false},"author":7,"featured_media":0,"parent":0,"menu_order":0,"comment_status":"closed","ping_status":"closed","template":"","meta":{"_et_pb_use_builder":"on","_et_pb_old_content":"","_et_gb_content_width":"","inline_featured_image":false,"footnotes":""},"_links":{"self":[{"href":"https:\/\/puceapex.puce.edu.ec\/web\/ceish\/wp-json\/wp\/v2\/pages\/110"}],"collection":[{"href":"https:\/\/puceapex.puce.edu.ec\/web\/ceish\/wp-json\/wp\/v2\/pages"}],"about":[{"href":"https:\/\/puceapex.puce.edu.ec\/web\/ceish\/wp-json\/wp\/v2\/types\/page"}],"author":[{"embeddable":true,"href":"https:\/\/puceapex.puce.edu.ec\/web\/ceish\/wp-json\/wp\/v2\/users\/7"}],"replies":[{"embeddable":true,"href":"https:\/\/puceapex.puce.edu.ec\/web\/ceish\/wp-json\/wp\/v2\/comments?post=110"}],"version-history":[{"count":13,"href":"https:\/\/puceapex.puce.edu.ec\/web\/ceish\/wp-json\/wp\/v2\/pages\/110\/revisions"}],"predecessor-version":[{"id":418,"href":"https:\/\/puceapex.puce.edu.ec\/web\/ceish\/wp-json\/wp\/v2\/pages\/110\/revisions\/418"}],"wp:attachment":[{"href":"https:\/\/puceapex.puce.edu.ec\/web\/ceish\/wp-json\/wp\/v2\/media?parent=110"}],"curies":[{"name":"wp","href":"https:\/\/api.w.org\/{rel}","templated":true}]}}